 -92)) + (55 + -68 - (-1 - 15))
-95
What is the value of -58 - (-2 + -4 + -104 + 102 + 14 + 0)?
-64
What is (-1 - -3) + -2 + 1 + 1 - (-2870 - -2919)?
-47
Evaluate (4 - (-18 + 22) - -15) + -7 + 2.
10
Evaluate (85 - (-103 + 145)) + 18.
61
What is -6 - (-34 - 37) - -9?
74
17 + (40 - 94) + -15 - (-1 - -15)
-66
(1 - -21) + -3326 + 3314 - (-2 - 1 - -2)
11
Evaluate (-13 + -83 - -47) + 26.
-23
(-2 - 40) + (27 - -1) - 9
-23
Calculate (-6 - -3 - -15) + (-1 - 12 - -76) - 3.
72
What is -83 + (236 - 106) - (1 + 3)?
43
10 + (-72 - 19) + -63
-144
Evaluate -36 + 1 + (326 - 308) - -14.
-3
Evaluate 38 - (-2 + -43 - -50).
33
Evaluate 129 - (-11 + 38 - (-21 - -13 - -24)).
118
Evaluate -73 + (8 - 49) + 28 + 4.
-82
Evaluate (25 + 1 - (15 + 34 - 43)) + -10 - 40.
-30
Calculate 31 + (-18 - 48) + 67 + -1 + 2 + -5.
28
What is 175 - (58 - (1 + -28) - 46)?
136
Calculate 2 + (26 - (-6 + 9 + 18) - (-62 + -2)).
71
Calculate -11 + -30 - -59 - 30.
-12
What is the value of 36 - (-37 - (69 + -161))?
-19
What is (72 - 67) + (10 - 4) - -3?
14
What is the value of 209 + -36 + -86 + -77?
10
What is the value of -2 - (-10 + -41 + 88)?
-39
Evaluate -52 + -15 + 37 + 16.
-14
What is the value of 62 + 17 + (-4 - -9 - 21) - 8?
55
1 - 18 - (-135 + -52 + 157)
13
1 + -3 + (-3 - 8) + (-1367 - -1347)
-33
What is -1 - (2 + -11) - (-2 - (22 - (21 + 1)))?
10
Evaluate -54 + -44 - -31 - -92.
25
What is (-9 - 0) + (37 - (37 - 25) - 36)?
-20
Calculate 8 + (18 - (14 - 55)) + -22.
45
Evaluate (-30 - (3 + -6)) + (-5 - (-4 - (-16 + 10))).
-34
What is the value of 55 + -9 + -141 + 117?
22
Evaluate -34 - (-1 - (-2 + -5)) - (-23 + (58 - 31)).
-44
Evaluate -8 + 5 + -2 + (-211 - -226 - (-1 + -46)).
57
What is the value of 70 + (-53 + 34 - 19)?
32
Evaluate -13 - ((14 - -6) + 1).
-34
Evaluate (53 - 12 - 36) + 3 + 19.
27
What is the value of (12 - 36 - -32) + (-7 + 2 - (-14 + -25))?
42
What is the value of 2 + 7 + -61 + -8 + 2 + -11 - 8?
-77
What is (-4 + 1 - -8) + 64 + -54 + 6?
21
Evaluate -2 + 11 - ((-1 + 0 - -8) + (234 - 245)).
13
Evaluate ((9 - (-9 + 20)) + -3 - -12) + (-1 - 21).
-15
What is the value of 8 + 6 - 23 - -16 - (90 + (14 - 2))?
-95
(3 - 1) + (9740 - 9669)
73
-25 + -32 + 83 + -58
-32
Evaluate -4545 + 4552 + 0 + 35.
42
What is the value of -1 - (3 + 3) - (-11 + 28 - 17 - -23)?
-30
-26 + -6 + -1 + -2 - -2 - (7 + -12)
-28
-8 + (95 - 44 - 49)
-6
What is the value of (0 - -3) + -2 + (0 - -142) + -11885 + 11875?
133
What is the value of (0 - -8) + 1 + (0 - (-6 - -13)) + 44?
46
What is the value of 28 + 14 + 2 + -18?
26
What is the value of 2 + 0 - ((68 - 100) + 36 + -15 + 1)?
12
What is the value of -130 - (35 + (-118 - -41) - -16)?
-104
What is 94 - (8 + 22 + -13)?
77
Evaluate (13 - (-96 - -79)) + -1 + 56.
85
Calculate 178 + -151 - ((4 - -1) + -12 - -1).
33
What is 74 + (-76 - -1) - -12?
11
What is the value of 2 + (14 - (-12 - -8)) - 12 - 4 - 4?
0
What is the value of 2 - 9 - (53 - -9) - (-36 + 29 + 9)?
-71
What is 25 + -127 + 45 + 65?
8
What is the value of 8 - -14 - (20 - 28)?
30
What is the value of 36 + -10 + 58 + -38 + 0 + 1?
47
What is 9 + -4 + -31 + 28 + 22?
24
Calculate -14 + 18 - (-1 - 85) - (-2 + 19).
73
What is (-42 - -12) + (63 - 16) + -28?
-11
What is the value of (1 - (-16 - (48 - 18))) + 19?
66
What is (5 - 18) + (-254 - -251) - (0 - -61)?
-77
Evaluate 69 + (-32 - ((2 - -1) + -25)).
59
What is the value of -5 + 39 + (-29 - -15) + (3 - 2)?
21
What is the value of (-46 + 11 + -19 - (-6 - 2)) + 13 - -5?
-28
What is the value of 21 + 23 + 17 + 13 - 25?
49
-16 + -6 + (2 - 2 - -12) + (0 - -27)
17
What is the value of (-5 + 21 - -4) + (-1082 - -1131)?
69
Evaluate -2 + 10 + -2 + (139 - 132).
13
Calculate (39 - 22) + -8 + (9 - -10) + -8.
20
(-27 - -59) + -3 + (7 - 16) - (9 + -2)
13
What is 76 + -84 + 67 - 22?
37
Evaluate 4 + (-2 - -23) - (-93 + 125).
-7
-51 - (-56 + 3) - (2 + (-1 - 72))
73
Evaluate -52 - (15 + -4 - (20 + -5)).
-48
What is the value of 4 + -7 + -3 + 11 + 17 + -17?
5
What is the value of (-12 - -1) + (-185 - -179 - ((6 - 3) + -3))?
-17
(103 - (173 + -54)) + 35 + -2
17
What is 24 + (-46 - -20) - (-14 + 21) - (69 + 1)?
-79
What is -48 + 43 - (-9 - (-1 + -1)) - -39?
41
-4 + 89 + -68 + 17
34
Calculate 4 + 1 + (-4 - 0) + (93 - 88).
6
(-35 - -24) + (1 - -13) - -6
9
Evaluate -164 + 164 - (2 + -9).
7
What is the value of -16 + (5 - 1) + -23?
-35
Evaluate -2 + (58 - 36) + (32 - 6).
46
What is the value of -50 + (-30 - -20 - -32) - 5?
-33
Calculate -32 + 61 + 0 + (-109 - -12).
-68
What is the value of (35 - 32) + -15 + (0 - (14 + -9 + 4))?
-21
What is the value of 24 - -140 - 101 - 5?
58
What is the value of 17 + -3 + (13 + -11 - 8) + 27?
35
What is the value of (-48 - -43) + -2 + -2 + 1?
-8
Evaluate 41 - (-24 - -58 - -13).
-6
311 + -290 - (51 + -3 + -2)
-25
What is 44 - ((33 - 48) + 60 - -44)?
-45
Evaluate 0 - -10 - 7 - (-7 - -40).
-30
9 - (6 + (-178 + 173 - (1 + -17)))
-8
1115 + -1138 + -2 + 62
37
What is (-55 + 47 - (1 + (20 - 6) + -6)) + 9?
-8
(0 - 64) + (-2 - 8) + (-221 - -226)
-69
What is (9 - (-1 - -47)) + 6?
-31
Calculate 21 - (96 + (13 - (-6 - (24 + -20)))).
-98
What is -27 - ((-7 - (-2 + -1 - (-162 - -173))) + -13)?
-21
10 - (-24 + 22) - (-14 + 7 - -51)
-32
What is the value of ((13 - 14) + 2 - -11) + 2 - 14?
0
What is the value of (-1 - -8 - (17 + -1 - (-158 - -162))) + 6?
1
-14 + (8 - -8 - 4) - (89 - 10)
-81
What is the value of -29 - (7 - (6 - (7 + -15)) - 0)?
-22
Evaluate -630 + 641 + (-5 - -1) + 7 + 2 - -81.
97
What is the value of 17 - ((3 - (-13 + -9)) + -20)?
12
What is the value of (1 + 2 - (-26 - -37 - 16)) + -2 + -38?
-32
Evaluate -2 + -9 - ((-35 - -21) + 30 + -1).
-26
Evaluate -1 - -10 - ((7 - 3) + -4) - (2088 + -2030).
-49
(-74 - ((-7 - -11) + 1)) + -118 + 100
-97
3 - 15 - (-39 + (-21 - -35) - -39)
-26
(3 - 4 - 1) + (38 - 24) + -21
-9
What is -48 - -127 - 45 - (-9 - -3)?
40
(29 - 63) + 16 + 2 - (1 + -143)
126
65 + (-85 - (-13 - -100))
-107
(12 - 1) + (-66 + 14 + 16 - 16)
-41
Calculate 69 + (-53 - (-42 - -5)).
53
Calculate -10 + 3 + 0 + 5 + -10.
-12
(775 - 804) + (-1 - -35) + 0 + (0 - -44)
49
What is the value of 152 + -140 + (3 - -4 - 54) + -17?
-52
What is (122 - -12) + (-1263 - -1180)?
51
What is the value of (5 - (135 + -113)) + (-79 - 1) - 14?
-111
-4 - 8 - (136 + -183)
35
Calculate -156 + 1 + (-5724 - -5883).
4
Calculate 8 - ((0 - -5 - 3) + (49 - (-4 - -2))).
-45
What is (-1 - -54) + ((0 - -6) + -17 - -17) - -1?
60
2 - -17 - (-37 + 7 - (-53 + 23))
19
(13 - (6 - (12 + -7))) + 4 + -34
-18
(-6 - -18 - 14) + 1 - (23 + -1)
-23
What is the value of 18 + (6 - 27 - -5) + (-6 - -4)?
0
Evaluate (-34 - (-25 + -6)) + (3 - -11) - 52.
-41
Calculate 8 + (18 + 1 - (-53 - -23 - -32)).
25
328 + -159 - 120 - (-1 + 1 - -1)
48
Calculate 10 + -2 + (91 - 154).
-55
Calculate -64 + 78 + 21 + -21 + (3 - -2).
19
Calculate (-17 - 83) + 121 + (2 - 122).
-99
Evaluate (-39 - 9) + (93 - 103).
-58
-8 + (-86 - (-33 + -16))
-45
1 + 21 + 1 + 9 + -8
24
What is 22 + (2 - -8) - (12 + (14 - 19 - 12))?
37
275324 + -275315 + (-1 - (1 - (1 + 0)))
8
What is the value of 18 + (-1 + -2 - (-20 + (26 - 16) + 18))?
7
Evaluate 3 + -51 - (-33 - (-79 + 47)).
-47
What is -3 + 39 + (-30 - -13) + -7?
12
What is -3 - (46 + -57 - 24)?
32
Evaluate 4 + -10 - 12 - (24 - (31 + -5)).
-16
What is -1 - (44 + -88 + 46)?
-3
41 - (49 + (-45 - -46))
-9
Calculate -14 - (35 + (-58 - -24) + -16 + (-1 - -9)).
-7
Calculate (6 - -21) + -1 + -34 + -36.
-44
What is -9 + 8 + -8 - (-7 - (25 - -4))?
27
What is the value of (26 - (-20 + (14 - 49))) + (3 - -11)?
95
What is (10 - 17) + (46 - -1 - (-14 - -1 - -4))?
49
24 + -52 + 36 + 30 + -8
30
-7 - -10 - ((7 + -1 + -4 - -4) + 40)
-43
What is the value of -9 + 11 + -4 + (0 - (5 - 6 - 53))?
52
What is the value of -406 + 395 + (-77 - -10)?
-78
What is the value of (23 - (62 - -29)) + 107?
39
Evaluate (61 - 47) + -7 + 47.
54
What is -19 + (8 - -1 - (407 + -427))?
10
What is the value of 2 - (20 + -5 + -9) - -8?
4
What is 1 + (43 - 31) + -24?
-11
What is the value of -114 - ((4 - 9 - 15) + 8 + 3)?
-105
What is (-9 - 17) + (-6 - 9) + 13 - 8?
-36
What is the value of -13 + ((-25 - (-9 + 2)) + 10 - 2) + 18?
-5
What is the value of (-11 - 90) + -12 + (-302 - -280)?
-135
Evaluate 1 + 47 - (688 + -616).
-24
-137 + (-2 - -2) - (67 + -78)
-126
13 + 0 + -3 + -69 + 44
-15
What is the value of (-3 - 8) 